1001001010111001000 (base 2) in base 11?
227210a
Convert 384156 (base 10) to base 5.
44243111
Convert -2000312234 (base 5) to base 8.
-16741431
-1110011110000010111100 (base 2) to base 10
-3793084
434221 (base 12) to base 2
100000011111100111001
-240044140 (base 5) to base 10
-1096795
Convert 2133531 (base 10) to base 16.
208e1b
Convert 83826 (base 16) to base 2.
10000011100000100110
Convert 101010000001001100101 (base 2) to base 3.
2120221201011
Convert 1641002 (base 8) to base 15.
95e00
Convert 13a783 (base 11) to base 2.
110101100001010110
Convert -3a0170 (base 11) to base 14.
-12570d
What is -431344433 (base 6) in base 10?
-7634469
-12003301331 (base 4) to base 3
-2222200210202
11cc63 (base 14) to base 11
388567
19a6cf (base 16) to base 10
1681103
What is -23030321122 (base 4) in base 2?
-1011001100111001011010
What is -105545240 (base 6) in base 2?
-111011110000011111000
What is 2041032243 (base 5) in base 7?
51003345
-203132232333 (base 4) to base 15
-c3ac6c
-59922 (base 11) to base 8
-250431
-6134 (base 7) to base 14
-ac4
What is -2013232001 (base 4) in base 16?
-87b81
What is -5a535 (base 11) in base 15?
-1ac58
Convert 6b011a (base 14) to base 12.
1280150
2033034134 (base 5) to base 4
33332323133
What is -1711647 (base 10) in base 5?
-414233042
-111030223 (base 4) to base 7
-511066
What is b768d (base 16) in base 11?
473470
10100110001100001111100 (base 2) to base 11
308a528
Convert 34a01 (base 12) to base 7.
412501
Convert -1f6b3 (base 16) to base 6.
-2431443
Convert 173221 (base 8) to base 2.
1111011010010001
Convert 506444 (base 11) to base 3.
1112100021202
Convert 13384 (base 11) to base 2.
100101010010001
What is 21323a (base 11) in base 3?
122022210102
1d97c (base 15) to base 10
96642
What is 10011101011011101 (base 2) in base 16?
13add
Convert -13052103 (base 6) to base 5.
-102124410
-46b51 (base 13) to base 9
-216383
What is 1fb74 (base 16) in base 13?
4718c
Convert 9b82d4 (base 15) to base 7.
120026305
Convert -5c843 (base 14) to base 5.
-24223020
Convert -312342203 (base 5) to base 8.
-4736164
-111101001001110111 (base 2) to base 3
-110201121022
Convert -2223110032 (base 4) to base 15.
-dcdaa
104c9 (base 13) to base 16
72da
-1110011100011000001101 (base 2) to base 15
-4ebcbd
Convert -334505 (base 8) to base 7.
-650226
Convert 828915 (base 10) to base 4.
3022113303
-11221113212 (base 4) to base 16
-1695e6
What is 11729a (base 12) in base 14?
74b1c
Convert -761b0 (base 14) to base 12.
-119426
What is -1625227 (base 8) in base 9?
-785218
Convert 2213311230 (base 4) to base 8.
2476554
Convert 2c7a8 (base 16) to base 9.
306816
Convert 9c992c (base 13) to base 14.
6c668d
What is 22206007 (base 8) in base 3?
100000012210222
-11100101001110110111111 (base 2) to base 12
-2622b13
What is -401505 (base 9) in base 15?
-4a4c5
What is 31057 (base 9) in base 3?
1001001221
What is -127199 (base 11) in base 10?
-199879
Convert 402300 (base 11) to base 8.
2360075
Convert 23553521 (base 6) to base 5.
142333131
What is b902d (base 14) in base 13?
1287a9
Convert -b5a03 (base 14) to base 2.
-1101010111111110011
Convert -110303201 (base 4) to base 10.
-85217
What is -745300 (base 9) in base 15?
-8b600
What is -12112022100 (base 3) in base 2?
-11010100100101110
-126207 (base 12) to base 16
-497a7
Convert 32022532 (base 6) to base 9.
1676372
11011011010110100100010 (base 2) to base 13
1648807
Convert 727340 (base 9) to base 16.
696e7
Convert -40220123 (base 5) to base 16.
-4e226
What is -20031233310 (base 4) in base 2?
-1000001101101111110100
Convert -4323521 (base 8) to base 7.
-12556006
What is 1643223 (base 7) in base 13?
8045a
-110000000101000011101 (base 2) to base 8
-6005035
Convert 15283 (base 9) to base 16.
28cb
Convert -20212412 (base 6) to base 9.
-1068818
-180835 (base 9) to base 11
-77346
320 (base 4) to base 6
132
-83ad97 (base 14) to base 13
-bc973b
What is -4e71d (base 15) in base 13?
-8a53b
What is 1034176 (base 8) in base 12?
1140a6
Convert 23718 (base 12) to base 2.
1011101001000100
Convert 100100101110111000100 (base 2) to base 13.
331b28
3515331 (base 6) to base 7
1353502
Convert -5002156 (base 10) to base 9.
-10363601
111189 (base 10) to base 5
12024224
What is -1626077 (base 8) in base 3?
-212212211100
-11000000110110011111000 (base 2) to base 10
-6319352
364843 (base 9) to base 2
110101101111010100
22103315 (base 7) to base 15
27811e
Convert -28158 (base 12) to base 7.
-320555
What is -702882 (base 10) in base 11?
-4400a4
What is -1100101100110001100010 (base 2) in base 14?
-629346
Convert -11121001002222 (base 3) to base 13.
-67639a
4061703 (base 8) to base 12
439717
514cd (base 16) to base 10
333005
Convert -101000101010110100011 (base 2) to base 13.
-378760
What is -2b780 (base 13) in base 10?
-82576
-12571464 (base 8) to base 4
-22233030310
Convert -409a (base 14) to base 7.
-44253
Convert 13606 (base 9) to base 3.
110200020
-a7ac3 (base 13) to base 12
-127306
Convert -10110000101001010000101 (base 2) to base 14.
-aa9617
Convert 19b991 (base 16) to base 8.
6334621
Convert 15216466 (base 9) to base 8.
34700267
98571 (base 11) to base 10
143100
Convert 10000021221110 (base 3) to base 4.
12012221301
12132410 (base 5) to base 12
5648a
Convert -40411022 (base 5) to base 7.
-2524513
What is -270474 (base 8) in base 4?
-113010330
677779 (base 11) to base 13
2ba1b4
What is -2170666 (base 10) in base 12?
-88820a
What is 2000265 (base 10) in base 13?
5505b7
What is b28623 (base 12) in base 7?
32512563
What is -12331013 (base 6) in base 13?
-1104c3
1000111010000100001011 (base 2) to base 13
639a65
-301332 (base 8) to base 14
-2813c
Convert 6509c (base 16) to base 5.
101220402
What is 20325 (base 7) in base 2?
1001101101000
What is 112010211211 (base 3) in base 7?
2236363
Convert 56136134 (base 8) to base 3.
211210002110122
What is -12000202020220 (base 3) in base 15?
-37ba66
What is 2310040 (base 6) in base 11?
80697
What is 7173214 (base 8) in base 7?
22063614
Convert -564636 (base 7) to base 13.
-36768
Convert -12130213122 (base 4) to base 7.
-20236221
14671016 (base 9) to base 16
6f8982
What is 109c16d (base 14) in base 10?
7908501
107395 (base 10) to base 8
321603
What is -101100011010001000 (base 2) in base 12?
-89320
1143333214 (base 5) to base 8
12266271
Convert 8325387 (base 10) to base 14.
116a067
What is -3226316 (base 7) in base 14?
-a360d
-14678 (base 10) to base 6
-151542
39a9bb (base 14) to base 7
22621424
Convert a87ee (base 15) to base 3.
1000011221122
Convert -766b9 (base 12) to base 10.
-156525
What is 453503 (base 8) in base 4?
211131003
What is 422217 (base 10) in base 8?
1470511
78a92 (base 13) to base 9
363750
What is 111001000000101000000 (base 2) in base 15?
26d79b
1731571 (base 10) to base 12
6b6097
Convert -92744 (base 14) to base 4.
-1112012120
20567266 (base 9) to base 2
100101110010011011010010
Convert 36173 (base 9) to base 4.
11322030
1d0210 (base 14) to base 3
1221201101001
299e0b (base 15) to base 8
7521547
What is 54030024 (base 7) in base 9?
8573786
21a351 (base 11) to base 6
11302320
What is -3bd8c (base 16) in base 5?
-30321012
-639362 (base 16) to base 4
-120321031202
Convert -111000001001010011 (base 2) to base 9.
-380413
8c2397 (base 14) to base 4
102030200001
Convert 89a80 (base 15) to base 2.
1101010110111110001
Convert 15235515 (base 7) to base 14.
29c145
What is -2231400103 (base 5) in base 13?
-1044115
2054121 (base 6) to base 8
304541
What is 22ce2 (base 16) in base 15?
2c392
Convert -1654b93 (base 13) to base 5.
-3321130024
What is -784c39 (base 15) in base 6?
-322543343
What is -1299537 (base 10) in base 12?
-528069
Convert 42331431 (base 6) to base 13.
345919
What is -865a6 (base 11) in base 12?
-609a3
-84aa5 (base 13) to base 2
-111010010111111101
Convert 11111100001001001010 (base 2) to base 10.
1032778
4864767 (base 9) to base 4
22010302222
-1a492 (base 16) to base 8
-322222
What is 66014 (base 12) in base 6?
2520024
Convert 23762 (base 13) to base 12.
31728
Convert 1828a8 (base 11) to base 13.
9b429
What is -89c2c (base 13) in base 8?
-750727
What is 491b4 (base 14) in base 4?
223220122
What is -300021002 (base 5) in base 7?
-12654363
What is -c471b (base 13) in base 9?
-586758
What is -4c394a (base 15) in base 11?
-20787a6
Convert -318b0 (base 14) to base 13.
-4264a
Convert 77